{"id":371,"date":"2022-01-10T11:56:11","date_gmt":"2022-01-10T10:56:11","guid":{"rendered":"https:\/\/www.lesterresdelouise.fr\/?page_id=371"},"modified":"2023-12-08T16:18:24","modified_gmt":"2023-12-08T15:18:24","slug":"chaux-2","status":"publish","type":"page","link":"https:\/\/www.lesterresdelouise.fr\/?page_id=371","title":{"rendered":"Chaux"},"content":{"rendered":"<div class=\"wp-block-image is-style-rounded\">\n<figure class=\"aligncenter size-large is-resized\"><img loading=\"lazy\" decoding=\"async\" width=\"1024\" height=\"550\" src=\"https:\/\/www.lesterresdelouise.fr\/wp-content\/uploads\/2022\/01\/Chaux-texture-1024x550.jpg\" alt=\"\" class=\"wp-image-404\" style=\"width:447px;height:240px\" srcset=\"https:\/\/www.lesterresdelouise.fr\/wp-content\/uploads\/2022\/01\/Chaux-texture-1024x550.jpg 1024w, https:\/\/www.lesterresdelouise.fr\/wp-content\/uploads\/2022\/01\/Chaux-texture-300x161.jpg 300w, https:\/\/www.lesterresdelouise.fr\/wp-content\/uploads\/2022\/01\/Chaux-texture-768x412.jpg 768w, https:\/\/www.lesterresdelouise.fr\/wp-content\/uploads\/2022\/01\/Chaux-texture-1536x825.jpg 1536w, https:\/\/www.lesterresdelouise.fr\/wp-content\/uploads\/2022\/01\/Chaux-texture-2048x1100.jpg 2048w, https:\/\/www.lesterresdelouise.fr\/wp-content\/uploads\/2022\/01\/Chaux-texture-496x266.jpg 496w\" sizes=\"auto, (max-width: 1024px) 100vw, 1024px\" \/><\/figure>\n<\/div>\n\n\n<p class=\"has-text-align-center\" style=\"font-size:22px\"><em>LA CHAUX<\/em><\/p>\n\n\n\n<div style=\"height:27px\" aria-hidden=\"true\" class=\"wp-block-spacer\"><\/div>\n\n\n\n<p>La chaux est un mat\u00e9riau naturel qui se compose tout simplement de <strong>calcaire<\/strong> cuit \u00e0 fortes temp\u00e9ratures (entre 900-1000\u00b0). Son bilan en \u00e9nergie grise n&rsquo;en fait pas le mat\u00e9riau le plus \u00e9cologique. Cependant, il reste un mat\u00e9riau <strong>incontournable et n\u00e9cessaire<\/strong> au paysage de l&rsquo;\u00e9coconstruction, notamment gr\u00e2ce \u00e0 son atout premier : sa grande<strong> r\u00e9sistance aux ruissellements<\/strong>. Ainsi, cela fait de lui la meilleure solution pour les fa\u00e7ades ext\u00e9rieures, les fours \u00e0 pain\/pizza, les salles de bain ou encore les cuisines.<\/p>\n\n\n\n<div style=\"height:22px\" aria-hidden=\"true\" class=\"wp-block-spacer\"><\/div>\n\n\n\n<p>La chaux poss\u00e8de \u00e9galement d&rsquo;autres atouts :<\/p>\n\n\n\n<p><\/p>\n\n\n\n<ul class=\"wp-block-list\">\n<li>Sa <strong>perspirance<\/strong> (capacit\u00e9 d&rsquo;un enduit \u00e0 laisser passer la vapeur d&rsquo;eau mais pas l&rsquo;eau liquide) laisse respirer les ma\u00e7onneries, contrairement au ciment, et permet ainsi de r\u00e9guler l&rsquo;humidit\u00e9 et d&rsquo;en r\u00e9duire les probl\u00e8mes \u00e9ventuels.<\/li>\n\n\n\n<li>Sa capacit\u00e9 de <strong>correcteur thermique<\/strong>, en l&rsquo;associant \u00e0 du chanvre, pouvant m\u00eame remplacer les isolants nocifs et polluants.<\/li>\n\n\n\n<li>Sa <strong>diversit\u00e9 de <a href=\"https:\/\/www.lesterresdelouise.fr\/?page_id=239\">mise en \u0153uvre<\/a><\/strong> : en b\u00e9ton ou chape, en finition, en <a href=\"https:\/\/www.lesterresdelouise.fr\/?page_id=240\">stuc<\/a> (enduit tr\u00e8s fin, en dessous du millim\u00e8tre, brillant, imperm\u00e9able mais perspirant), en peinture ou encore en badigeon (protection de l&rsquo;enduit et pouvoir colorant).<\/li>\n\n\n\n<li>Sa qualit\u00e9 <strong>antiseptique<\/strong> : elle d\u00e9sinfecte, et assainit l&rsquo;atmosph\u00e8re.<\/li>\n<\/ul>\n\n\n\n<div style=\"height:22px\" aria-hidden=\"true\" class=\"wp-block-spacer\"><\/div>\n\n\n\n<p>Les enduits \u00e0 la chaux restent donc un bon choix, en ext\u00e9rieur comme en int\u00e9rieur, en restauration ou m\u00eame en construction neuve !<\/p>\n\n\n\n<div style=\"height:70px\" aria-hidden=\"true\" class=\"wp-block-spacer\"><\/div>\n\n\n\n<p class=\"has-text-align-center\">Venez d\u00e9couvrir les autres mat\u00e9riaux que j&rsquo;utilise en cliquant !<\/p>\n\n\n\n<div class=\"wp-block-buttons is-horizontal is-content-justification-center is-layout-flex wp-container-core-buttons-is-layout-499968f5 wp-block-buttons-is-layout-flex\">\n<div class=\"wp-block-button is-style-fill\"><a class=\"wp-block-button__link has-sitebg-color has-accent-2-background-color has-text-color has-background wp-element-button\" href=\"https:\/\/www.lesterresdelouise.fr\/?page_id=369\" style=\"border-radius:50px\">Terre<\/a><\/div>\n\n\n\n<div class=\"wp-block-button\"><a class=\"wp-block-button__link has-accent-2-background-color has-background wp-element-button\" href=\"https:\/\/www.lesterresdelouise.fr\/?page_id=372\" style=\"border-radius:50px\">Pl\u00e2tre<\/a><\/div>\n<\/div>\n","protected":false},"excerpt":{"rendered":"<p>LA CHAUX La chaux est un mat\u00e9riau naturel qui se compose tout simplement de calcaire cuit \u00e0 fortes temp\u00e9ratures (entre 900-1000\u00b0). Son bilan en \u00e9nergie &hellip;<\/p>\n","protected":false},"author":1,"featured_media":0,"parent":0,"menu_order":0,"comment_status":"closed","ping_status":"closed","template":"","meta":{"footnotes":""},"class_list":["post-371","page","type-page","status-publish","hentry"],"_links":{"self":[{"href":"https:\/\/www.lesterresdelouise.fr\/index.php?rest_route=\/wp\/v2\/pages\/371","targetHints":{"allow":["GET"]}}],"collection":[{"href":"https:\/\/www.lesterresdelouise.fr\/index.php?rest_route=\/wp\/v2\/pages"}],"about":[{"href":"https:\/\/www.lesterresdelouise.fr\/index.php?rest_route=\/wp\/v2\/types\/page"}],"author":[{"embeddable":true,"href":"https:\/\/www.lesterresdelouise.fr\/index.php?rest_route=\/wp\/v2\/users\/1"}],"replies":[{"embeddable":true,"href":"https:\/\/www.lesterresdelouise.fr\/index.php?rest_route=%2Fwp%2Fv2%2Fcomments&post=371"}],"version-history":[{"count":14,"href":"https:\/\/www.lesterresdelouise.fr\/index.php?rest_route=\/wp\/v2\/pages\/371\/revisions"}],"predecessor-version":[{"id":731,"href":"https:\/\/www.lesterresdelouise.fr\/index.php?rest_route=\/wp\/v2\/pages\/371\/revisions\/731"}],"wp:attachment":[{"href":"https:\/\/www.lesterresdelouise.fr\/index.php?rest_route=%2Fwp%2Fv2%2Fmedia&parent=371"}],"curies":[{"name":"wp","href":"https:\/\/api.w.org\/{rel}","templated":true}]}}